 factor of 64772?
False
Does 33 divide 27052344?
True
Is 69 a factor of 1523624?
False
Is 22027 a multiple of 168?
False
Does 164 divide 318960?
False
Does 461 divide 4291449?
True
Does 24 divide 13337976?
True
Does 306 divide 114089?
False
Is 6 a factor of 127499?
False
Does 85 divide 9642145?
True
Is 57 a factor of 82992?
True
Is 1421576 a multiple of 8?
True
Is 241495 a multiple of 89?
False
Is 138380 a multiple of 110?
True
Does 127 divide 173609?
True
Does 27 divide 1649889?
True
Is 13 a factor of 147524?
True
Does 92 divide 261740?
True
Is 2297894 a multiple of 73?
True
Does 295 divide 93688?
False
Is 49 a factor of 2299129?
True
Is 115 a factor of 1591485?
True
Is 387 a factor of 28638?
True
Does 816 divide 799536?
False
Does 28 divide 1184146?
False
Does 12 divide 307968?
True
Is 423843 a multiple of 20?
False
Is 2261306 a multiple of 17?
True
Does 18 divide 312931?
False
Is 156515 a multiple of 115?
True
Does 324 divide 3129516?
True
Is 11740 a multiple of 10?
True
Is 454 a factor of 33527?
False
Does 11 divide 541829?
False
Is 22 a factor of 4126518?
True
Is 1105167 a multiple of 10?
False
Is 24253 a multiple of 79?
True
Is 1253694 a multiple of 39?
True
Is 27691 a multiple of 7?
False
Is 5706 even?
True
Does 53 divide 88404?
True
Is 5285040 a multiple of 912?
True
Does 113 divide 1417698?
True
Does 34 divide 205156?
True
Is 35105 a multiple of 295?
True
Does 107 divide 8560?
True
Is 18 a factor of 913875?
False
Is 7 a factor of 566289?
False
Does 71 divide 125812?
True
Does 153 divide 11670717?
False
Does 3 divide 1870?
False
Does 177 divide 3466191?
True
Is 4450 a multiple of 31?
False
Is 86700 a multiple of 289?
True
Does 476 divide 3629526?
False
Is 896 a factor of 9008384?
True
Is 1585792 a multiple of 4?
True
Is 2 a factor of 1642?
True
Is 87 a factor of 3142407?
False
Is 563067 a multiple of 17?
False
Is 15 a factor of 428835?
True
Does 80 divide 1558575?
False
Is 43 a factor of 7592730?
False
Is 2330556 a multiple of 348?
True
Is 138 a factor of 124614?
True
Is 4383 a multiple of 74?
False
Is 77 a factor of 163394?
True
Is 220 a factor of 19580?
True
Is 124 a factor of 9347974?
False
Does 54 divide 273942?
True
Does 138 divide 1201112?
False
Does 117 divide 777281?
False
Is 1493080 a multiple of 55?
False
Does 99 divide 6083689?
False
Does 323 divide 107236?
True
Is 369 a factor of 101844?
True
Is 40 a factor of 2131280?
True
Is 3 a factor of 218679?
True
Is 31 a factor of 21705?
False
Is 481197 a multiple of 50?
False
Is 119 a factor of 15470?
True
Is 7233240 a multiple of 79?
True
Is 193596 a multiple of 26?
True
Does 10 divide 78360?
True
Does 44 divide 111100?
True
Does 279 divide 6525507?
False
Is 186233 a multiple of 387?
False
Is 74800 a multiple of 110?
True
Is 65132 a multiple of 76?
True
Does 105 divide 4245602?
False
Is 2 a factor of 49067?
False
Is 3 a factor of 136521?
True
Is 114728 a multiple of 2?
True
Is 1580252 a multiple of 289?
True
Does 36 divide 1778364?
True
Is 1096626 a multiple of 523?
False
Does 14 divide 17720?
False
Is 1242462 a multiple of 26?
True
Is 10077201 a multiple of 19?
True
Is 218 a factor of 3331912?
True
Is 63535 a multiple of 3?
False
Is 8133322 a multiple of 153?
False
Is 20 a factor of 4052760?
True
Does 151 divide 1128423?
True
Is 15 a factor of 151555?
False
Is 1090314 a multiple of 27?
True
Does 13 divide 1314573?
True
Is 148310 a multiple of 151?
False
Does 197 divide 35099?
False
Is 26 a factor of 1982266?
True
Does 207 divide 318070?
False
Is 67 a factor of 1177065?
False
Is 71 a factor of 302335?
False
Is 333 a factor of 3928068?
True
Is 233865 a multiple of 9?
True
Does 29 divide 7759240?
True
Does 21 divide 363109?
False
Is 134 a factor of 395568?
True
Is 19 a factor of 8220578?
True
Is 61 a factor of 55083?
True
Is 1080608 a multiple of 726?
False
Is 10 a factor of 906250?
True
Does 112 divide 9843?
False
Is 76 a factor of 767812?
False
Does 7 divide 130578?
True
Does 781 divide 1208988?
True
Is 10 a factor of 2868875?
False
Is 49 a factor of 541989?
True
Is 981764 a multiple of 307?
False
Is 14 a factor of 12432?
True
Does 19 divide 505936?
False
Is 3419232 a multiple of 32?
True
Does 1019 divide 1402842?
False
Is 114 a factor of 567198?
False
Does 8 divide 34298?
False
Is 887 a factor of 412483?
False
Is 30 a factor of 42270?
True
Is 1312 a factor of 11095460?
False
Does 2 divide 802?
True
Does 31 divide 1428015?
True
Is 11 a factor of 463829?
False
Is 5 a factor of 492524?
False
Is 45 a factor of 103443?
False
Is 68 a factor of 5220496?
True
Does 44 divide 838596?
True
Does 24 divide 453766?
False
Does 301 divide 177289?
True
Is 510998 a multiple of 310?
False
Is 1567366 a multiple of 18?
False
Is 10364688 a multiple of 1503?
True
Is 2 a factor of 16667?
False
Does 11 divide 566408?
False
Is 3 a factor of 26583?
True
Is 137712 a multiple of 153?
False
Is 119170 a multiple of 335?
False
Does 32 divide 107616?
True
Does 9 divide 129312?
True
Does 1417 divide 40097988?
False
Is 20 a factor of 7163473?
False
Is 386514 a multiple of 18?
True
Is 9 a factor of 214333?
False
Does 553 divide 922983?
False
Is 14 a factor of 108641?
False
Is 170771 a multiple of 153?
False
Does 44 divide 52?
False
Is 469500 a multiple of 15?
True
Is 106067 a multiple of 199?
True
Is 955 a factor of 3059820?
True
Is 3645880 a multiple of 10?
True
Does 70 divide 4620?
True
Is 25 a factor of 6485?
False
Does 72 divide 591673?
False
Is 113 a factor of 494242?
False
Is 27 a factor of 1416744?
True
Does 16 divide 36824382?
False
Is 496683 a multiple of 957?
True
Does 26 divide 169206?
False
Is 176994 a multiple of 310?
False
Does 78 divide 95067?
False
Is 1066240 a multiple of 119?
True
Is 116085 a multiple of 71?
True
Does 445 divide 981945?
False
Is 197201 a multiple of 11?
False
Is 13 a factor of 127555?
False
Does 19 divide 11329?
False
Does 10 divide 2257520?
True
Is 764 a factor of 897384?
False
Is 7673744 a multiple of 361?
False
Is 134463 a multiple of 57?
True
Is 64 a factor of 10646016?
True
Is 46375 a multiple of 65?
False
Is 229220 a multiple of 28?
False
Is 52 a factor of 7505545?
False
Is 294507 a multiple of 7?
False
Is 39 a factor of 211263?
True
Is 4103280 a multiple of 40?
True
Is 4 a factor of 14800?
True
Is 827703 a multiple of 147?
False
Does 2 divide 1497216?
True
Is 306 a factor of 263866?
False
Does 182 divide 292363?
False
Does 274 divide 799522?
False
Is 446469 a multiple of 186?
False
Is 808901 a multiple of 24?
False
Does 236 divide 2729104?
True
Is 47880 a multiple of 38?
True
Is 263197 a multiple of 108?
False
Does 226 divide 465786?
True
Does 104 divide 320216?
True
Is 105 a factor of 474600?
True
Does 13 divide 76255?
False
Does 99 divide 341352?
True
Is 8331180 a multiple of 110?
True
Is 133 a factor of 190722?
True
Is 55 a factor of 757595?
False
Does 13 divide 9346045?
False
Is 12127 a multiple of 67?
True
Is 22706688 a multiple of 192?
True
Is 867190 a multiple of 4?
False
Is 29711 a multiple of 59?
False
Is 117 a factor of 15280668?
True
Is 228232 a multiple of 188?
True
Is 540117 even?
False
Does 6 divide 1774019?
False
Does 9 divide 574588?
False
Does 17 divide 2399176?
True
Does 13 divide 1994031?
True
Is 79 a factor of 657138?
False
Is 206550 a multiple of 34?
True
Does 47 divide 18679045?
False
Does 28 divide 60013?
False
Is 5378099 a multiple of 13?
False
Is 19815 a multiple of 5?
True
Does 30 divide 1812100?
False
Is 482997 a multiple of 8?
False
Is 135 a factor of 66015?
True
Is 49 a factor of 27587?
True
Is 463 a factor of 64516?
False
Is 2810862 a multiple of 27?
True
Is 4113483 a multiple of 341?
True
Is 5035223 a multiple of 30?
False
Does 121 divide 228569?
True
Is 474914 a multiple of 11?
True
Is 13 a factor of 1321112?
True
Does 214 divide 7486362?
True
Does 582 divide 1998588?
True
Is 148785 a multiple of 65?
True
Is 74 a factor of 1044354?
False
Does 33 divide 130667?
False
Is 8829946 a multiple of 6?
False
Does 92 divide 6716?
True
Does 57 divide 1857003?
True
Does 192 divide 1130304?
True
Is 1470123 a multiple of 213?
False
Does 6 divide 699516?
True
Is 112 a factor of 14672?
True
Does 218 divide 244596?
True
Is 20 a factor of 402440?
True
Does 711 divide 4119534?
True
Does 347 divide 19292371?
False
Is 1064834 a multiple of 261?
False
Does 25 